omposite number?
True
Is 106085027813 a prime number?
True
Is 7804934677 a composite number?
False
Is 30747075197 a composite number?
False
Is 6719641113 a prime number?
False
Is 26763955799 composite?
True
Is 5978350531 a composite number?
False
Is 5511804287 a prime number?
False
Is 2714972889 a prime number?
False
Is 2333068953 prime?
False
Is 1260694443 a composite number?
True
Is 60493010657 composite?
False
Is 17267852851 a prime number?
False
Is 23127672857 a composite number?
False
Is 52710211 a prime number?
True
Is 627441293 a prime number?
True
Is 2119840777 prime?
True
Is 65399003027 a prime number?
True
Is 1978899959 composite?
True
Is 18388650923 a prime number?
True
Is 55461874157 a prime number?
True
Is 1076391721 composite?
True
Is 23058442457 composite?
False
Is 820189229 a composite number?
False
Is 2300029441 a composite number?
False
Is 9600783343 a composite number?
False
Is 103398676439 prime?
True
Is 4607025367 a prime number?
False
Is 382929419 prime?
True
Is 15850605311 a prime number?
True
Is 4025234669 composite?
True
Is 1445119487 composite?
True
Is 4833523823 prime?
False
Is 7440295279 prime?
False
Is 2813780663 a composite number?
False
Is 71105563 a prime number?
True
Is 12614070943 a composite number?
False
Is 152822699 a prime number?
True
Is 358941410195 a prime number?
False
Is 37911320873 a composite number?
True
Is 509129539 a composite number?
True
Is 627262829 composite?
True
Is 786593099 a composite number?
True
Is 471669679 prime?
False
Is 3558071377 prime?
False
Is 144616851263 a composite number?
False
Is 172830173331 a prime number?
False
Is 3118009337 composite?
False
Is 10311557569 a composite number?
False
Is 125634474467 a composite number?
False
Is 6445705947 a prime number?
False
Is 11665752463 a composite number?
False
Is 51644923753 a composite number?
True
Is 659635433 a prime number?
True
Is 4026980641 prime?
True
Is 622946967 composite?
True
Is 13098385999 a prime number?
True
Is 11384150189 a composite number?
True
Is 1875162749 a prime number?
True
Is 36219928159 prime?
False
Is 1842657937 a composite number?
False
Is 1401901147 composite?
False
Is 34041621839 a composite number?
True
Is 36048323 prime?
False
Is 918675419 a composite number?
True
Is 143483330513 prime?
False
Is 4675763443 prime?
False
Is 7512001699 a prime number?
True
Is 2257376651 a composite number?
True
Is 2109496637 prime?
True
Is 1144715119 composite?
False
Is 9133903 a prime number?
False
Is 91942290949 composite?
True
Is 694243301 a composite number?
False
Is 76346957 a composite number?
True
Is 3931284649 a composite number?
False
Is 289726369 a composite number?
False
Is 283767113 prime?
False
Is 5984967173 a prime number?
True
Is 33457051997 prime?
False
Is 55750487453 a composite number?
True
Is 29634199541 composite?
False
Is 546634433 a composite number?
True
Is 55350035563 a composite number?
True
Is 19138615403 a prime number?
False
Is 3717926497 composite?
True
Is 3285728189 composite?
False
Is 307805473 a prime number?
False
Is 1716934481 a prime number?
True
Is 39522458051 prime?
True
Is 21617681723 composite?
True
Is 4560649657 a composite number?
False
Is 5458204229 composite?
True
Is 791762093 prime?
False
Is 405027417437 a prime number?
True
Is 1443685457 a composite number?
True
Is 626587931 prime?
True
Is 570767909 prime?
True
Is 1746244869 composite?
True
Is 66174423779 composite?
False
Is 4213714643 a prime number?
False
Is 68188979 a composite number?
True
Is 33024325751 composite?
True
Is 1557278483 prime?
True
Is 33177384971 composite?
False
Is 135148442251 composite?
True
Is 3821021483 a composite number?
True
Is 4992284263 prime?
True
Is 49427947 prime?
True
Is 174903973 a composite number?
True
Is 41540683423 prime?
True
Is 8460777421 a prime number?
True
Is 22044296101 a composite number?
False
Is 61145112601 a prime number?
True
Is 1098382673 a composite number?
True
Is 1306234369 a prime number?
False
Is 122397582349 composite?
True
Is 24797500589 a composite number?
False
Is 1321525603 composite?
True
Is 380094391 prime?
True
Is 1061988693 prime?
False
Is 1389951089 prime?
True
Is 3703574657 a composite number?
False
Is 1456958813 prime?
False
Is 96349079 prime?
True
Is 181896137 a prime number?
False
Is 1139774627 a prime number?
False
Is 70244057731 a composite number?
False
Is 5005841549 composite?
True
Is 579176821 a composite number?
False
Is 18037309933 composite?
False
Is 42447827771 composite?
True
Is 225222211 a composite number?
False
Is 4350219191 composite?
True
Is 1244387503 a composite number?
True
Is 226079261 prime?
True
Is 4403002973 a prime number?
False
Is 32002994 composite?
True
Is 5184033781 a composite number?
True
Is 262182863645 prime?
False
Is 24551080643 composite?
False
Is 14481347159 a composite number?
False
Is 2643796453 a composite number?
False
Is 616739382473 a prime number?
True
Is 38507561 a prime number?
True
Is 2517611527 a composite number?
True
Is 3723520321 a prime number?
False
Is 16387393159 a prime number?
True
Is 11328707347 composite?
False
Is 4723242697 a composite number?
True
Is 8942449897 prime?
True
Is 104162606851 a composite number?
False
Is 43538308769 a prime number?
True
Is 2573733001 a prime number?
False
Is 6971821971 a composite number?
True
Is 1870814357 composite?
False
Is 14090845319 prime?
True
Is 2978554597 a composite number?
False
Is 7558216555 composite?
True
Is 159479069 a composite number?
False
Is 4839879137 a prime number?
False
Is 3086008733 prime?
True
Is 108164669 a composite number?
False
Is 5237822463 a composite number?
True
Is 6958060489 composite?
True
Is 197639443 a prime number?
True
Is 13965444253 composite?
True
Is 1364807003 a prime number?
False
Is 218050151541 a prime number?
False
Is 104921035513 a composite number?
True
Is 5159402011 a prime number?
True
Is 266603987 prime?
False
Is 112423303 a composite number?
False
Is 11315257229 prime?
False
Is 48442091029 prime?
True
Is 20977709 a prime number?
True
Is 16937575561 prime?
True
Is 352112597647 composite?
False
Is 10324189977 prime?
False
Is 1415518759 composite?
True
Is 5720257013 a composite number?
True
Is 4432342841 a prime number?
False
Is 2103762473 a composite number?
False
Is 1950098323 a prime number?
True
Is 6730642447 prime?
True
Is 17977657 a prime number?
False
Is 6216279987 composite?
True
Is 13601899541 composite?
False
Is 2556000691 a composite number?
False
Is 20465757997 a prime number?
False
Is 438555493 a prime number?
False
Is 79050640043 prime?
True
Is 4230776947 prime?
True
Is 585445241 prime?
True
Is 39645691 composite?
True
Is 87726319 prime?
False
Is 1636165303 a prime number?
False
Is 289664113 composite?
True
Is 15514805291 prime?
False
Is 165167560373 a composite number?
True
Is 5952152093 composite?
False
Is 36060423131 prime?
False
Is 13364953729 prime?
True
Is 82130951809 a composite number?
False
Is 1415427823 a prime number?
True
Is 2145517513 composite?
True
Is 37303865759 prime?
False
Is 402322489 a prime number?
True
Is 930901511 prime?
False
Is 6405593767 a composite number?
True
Is 3775287909 composite?
True
Is 5463867043 a composite number?
True
Is 106383709 composite?
True
Is 1087978417 a composite number?
False
Is 4090290357 a composite number?
True
Is 10184910349 prime?
True
Is 1307081579 prime?
True
Is 25545463019 a prime number?
True
Is 902008057 a prime number?
True
Is 53914434907 a prime number?
True
Is 6096035527 prime?
True
Is 3718959989 prime?
False
Is 8077825037 a composite number?
False
Is 77267039 a composite number?
False
Is 6853354199 a prime number?
True
Is 5853366401 a prime number?
False
Is 1449434267 composite?
True
Is 7249416973 composite?
False
Is 28359957383 prime?
False
Is 80593072157 a prime number?
False
Is 133040899 prime?
False
Is 2227512691 a prime number?
False
Is 2173951238 a prime number?
False
Is 8362100477 composite?
True
Is 5378712799 composite?
False
Is 7259452391 prime?
True
Is 1752285443 composite?
True
Is 4839249533 a prime number?
True
Is 5262542473 prime?
False
Is 78741514547 a prime number?
True
Is 12430508957 a composite number?
False
Is 48562294567 prime?
True
Is 336011677 a prime number?
True
Is 12287064973 a composite number?
False
Is 7649203667 a composite